{"id":36,"date":"2023-06-05T15:35:46","date_gmt":"2023-06-05T13:35:46","guid":{"rendered":"http:\/\/eurhena.eu\/passer-les-frontieres\/"},"modified":"2026-01-15T11:07:23","modified_gmt":"2026-01-15T10:07:23","slug":"passer-les-frontieres","status":"publish","type":"page","link":"https:\/\/eurhena.eu\/de\/sich-erkundigen\/einige-unterstutzende-vermittler-um-die-bewohner-zu-begleiten-auszubilden-und-zu-informieren\/","title":{"rendered":"Einige unterst\u00fctzende Vermittler, um die Bewohner zu begleiten, auszubilden und zu informieren"},"content":{"rendered":"","protected":false},"excerpt":{"rendered":"","protected":false},"author":1,"featured_media":1080,"parent":20,"menu_order":9,"comment_status":"closed","ping_status":"closed","template":"","meta":{"_acf_changed":false,"_seopress_robots_primary_cat":"","_seopress_titles_title":"%%post_title%% %%sep%% %%sitetitle%%","_seopress_titles_desc":"La rencontre et l&#039;apprentissage interculturel sont au c\u0153ur de ces exp\u00e9riences, qui sont immersives et encadr\u00e9es.","_seopress_robots_index":"","inline_featured_image":false,"footnotes":""},"class_list":["post-36","page","type-page","status-publish","has-post-thumbnail","hentry"],"acf":[],"publishpress_future_workflow_manual_trigger":{"enabledWorkflows":[]},"_links":{"self":[{"href":"https:\/\/eurhena.eu\/de\/wp-json\/wp\/v2\/pages\/36","targetHints":{"allow":["GET"]}}],"collection":[{"href":"https:\/\/eurhena.eu\/de\/wp-json\/wp\/v2\/pages"}],"about":[{"href":"https:\/\/eurhena.eu\/de\/wp-json\/wp\/v2\/types\/page"}],"author":[{"embeddable":true,"href":"https:\/\/eurhena.eu\/de\/wp-json\/wp\/v2\/users\/1"}],"replies":[{"embeddable":true,"href":"https:\/\/eurhena.eu\/de\/wp-json\/wp\/v2\/comments?post=36"}],"version-history":[{"count":95,"href":"https:\/\/eurhena.eu\/de\/wp-json\/wp\/v2\/pages\/36\/revisions"}],"predecessor-version":[{"id":2585,"href":"https:\/\/eurhena.eu\/de\/wp-json\/wp\/v2\/pages\/36\/revisions\/2585"}],"up":[{"embeddable":true,"href":"https:\/\/eurhena.eu\/de\/wp-json\/wp\/v2\/pages\/20"}],"wp:featuredmedia":[{"embeddable":true,"href":"https:\/\/eurhena.eu\/de\/wp-json\/wp\/v2\/media\/1080"}],"wp:attachment":[{"href":"https:\/\/eurhena.eu\/de\/wp-json\/wp\/v2\/media?parent=36"}],"curies":[{"name":"wp","href":"https:\/\/api.w.org\/{rel}","templated":true}]}}

Einige unterstützende Vermittler, um die Bewohner zu begleiten, auszubilden und zu informieren

La rencontre et l&#039;apprentissage interculturel sont au cœur de ces expériences, qui sont immersives et encadrées.
